-4*v + 5*c + 24 = 0. Suppose -6 + v = 5*a. Calculate the remainder when a*((-138)/(-3))/(-2) is divided by 12.
11
Let t = -20 + 20. Suppose 4*h - 3*h - 57 = t. What is the remainder when h is divided by 15?
12
Let f = 12 - 9. Suppose f*n - 8*n = -50. Calculate the remainder when 17 is divided by n.
7
Let x be -3*((-24)/9 - -2). Let s = 11 - x. Suppose -21 = -4*t + 3*t - 3*a, 5*t - 185 = 5*a. Calculate the remainder when t is divided by s.
6
Let i(c) = 5*c - 9. Let f be (-3)/(-4) + 13/4. Calculate the remainder when 31 is divided by i(f).
9
Let u = 177 + -113. Calculate the remainder when u is divided by 22.
20
Suppose -15 = -4*q - 7. Calculate the remainder when -6 + 4 - -1*5 is divided by q.
1
Suppose 0 = 58*r - 71*r + 91. Let z = 24 - -1. Calculate the remainder when z is divided by r.
4
Suppose 2*u + 14 - 4 = 0. Let r be (-22)/u - (-2)/(-5). Suppose 2*c - 91 = -5*o, -6*c + 2*c + 68 = r*o. Calculate the remainder when o is divided by 7.
5
Let s(z) = 35*z**2 + z - 1. Let i(h) = h - 5. Let c be i(9). What is the remainder when s(1) is divided by 110/6 - c/12?
17
Calculate the remainder when 28 is divided by (14/10 + -2)*-5 + 3.
4
Let s be (-3)/6*10*-1. Suppose -5*v - s*l = -135, -2*v - v - l = -71. Calculate the remainder when v is divided by 8.
6
Let w = -6 + 16. Suppose -3*c = -6 - 6. Calculate the remainder when w is divided by c.
2
Let l(s) = 2*s**2 - 8*s - 3. Let o(y) = y**2 - 1. Let k(b) = -l(b) + o(b). Let q = -40 + 81. What is the remainder when q is divided by k(6)?
13
Let w be (0 - -2 - -1) + -1. Suppose -1 - 11 = -w*m. Calculate the remainder when 23 is divided by m.
5
Let l = 11 - 8. What is the remainder when 3 is divided by l?
0
Let l = 29 - 5. Let k be 3*(0/(-1) + 1). Let v(o) = o**2 + 2*o - 2. What is the remainder when l is divided by v(k)?
11
Let l(a) = -2*a. Let b be l(4). Let s = b + 31. What is the remainder when s is divided by 8?
7
Let l(w) = -w + 25. What is the remainder when l(11) is divided by 5?
4
Let y(c) = -7*c - 25. What is the remainder when y(-13) is divided by 18?
12
Let g = 28 - 24. Calculate the remainder when g is divided by 2.
0
Suppose -18 = -2*d + 3*y, -d - 3*y = -y - 16. What is the remainder when 45 is divided by d?
9
Let f(t) = -t**2 - 11*t - 3. Let d = 8 - 1. What is the remainder when f(-6) is divided by d?
6
Calculate the remainder when -2*33/(-6)*4 is divided by 9.
8
Suppose 3 = -k + 47. Suppose -3*n + k = -n. Calculate the remainder when n is divided by 8.
6
Let d(p) be the third derivative of p**5/60 + p**4/24 - p**3/6 - 4*p**2. Calculate the remainder when d(2) is divided by 3.
2
Let u(t) = t**3 + 14*t**2 - 17*t - 15. What is the remainder when u(-15) is divided by 4?
3
Suppose 16 = 2*r + 3*s, 3*s = 2*r - 3 - 1. Let l = -2 + r. Suppose 15 = 5*h - 10. Calculate the remainder when h is divided by l.
2
Suppose 4*s = -0 + 8. Suppose 2*b = 5*f - 35, s*f + b = -0*f + 23. Calculate the remainder when f is divided by 5.
4
Suppose -2*x - 63 = 5*n, -2*n - 38 = 5*x + 4. Let u = n + 34. What is the remainder when u is divided by 6?
5
Let p(q) = 2*q + 91. What is the remainder when 76 is divided by p(-32)?
22
Let p = 139 + -132. What is the remainder when p is divided by 3/2*(-16)/(-6)?
3
Let y = 81 - 33. Suppose -y = -b - 3*b. Suppose 0 = z + 5*f - 17, 4*z = 8*z - 4*f - 20. Calculate the remainder when b is divided by z.
5
Suppose 5*m + 4*u = 76 + 33, -4*u - 116 = -4*m. Let k = -2 + 12. Let v = k - -4. What is the remainder when m is divided by v?
11
Suppose -d + 125 = 5*y, 3*y + 3*d - 135 = -2*y. Calculate the remainder when 93 is divided by y.
21
Let c = 7 + -5. What is the remainder when -2 + 58/c - -1 is divided by (-103)/(-7) - 6/(-21)?
13
Let v(a) = 4*a + 11. What is the remainder when v(10) is divided by 13?
12
Suppose 3*l + 5 = 8*l. What is the remainder when 1 is divided by l?
0
Let x = 22 - 21. Let o = 13 - x. Calculate the remainder when o is divided by 3.
0
Let b = 37 - -7. Calculate the remainder when b is divided by 17.
10
Let r be ((-3)/(-3))/((-2)/60). Let w = r + 43. What is the remainder when 24 + (4/2 - 2) is divided by w?
11
Calculate the remainder when 105 is divided by 2 - (1 + (-20 - 6)).
24
Suppose 9 = -3*f + 39. Calculate the remainder when 37 is divided by f.
7
Let n(z) = -4*z + 4. Let s(y) = -y + 1. Let b(r) = 2*n(r) - 10*s(r). Calculate the remainder when 22 is divided by b(5).
6
Let z(w) = 5*w + 2. Let n = 5 + -6. Let j be -1 + 5 - (0 - n). Calculate the remainder when 49 is divided by z(j).
15
Let y(a) = 50*a**2 - a - 2. Let s be y(-1). Let b = s + -30. Let t = 25 + -18. Calculate the remainder when b is divided by t.
5
Let r be (0 + -4)*(-3)/(-4). Let o(p) = -p. Let f be o(r). Suppose f*z - 21 - 57 = 0. What is the remainder when z is divided by 14?
12
Suppose 14*j = 9*j + 15. What is the remainder when 11/2 + 3/6 is divided by j?
0
Let w(c) = c**2 + 10*c - 19. What is the remainder when w(-13) is divided by 4?
0
Let v(u) = -48*u - 4. Let t be v(-3). Suppose 2*h = -2*h - 3*j - t, 140 = -4*h - 2*j. What is the remainder when (-2040)/h - 2/7 is divided by 20?
18
Let u = -72 + 125. What is the remainder when u is divided by (-4)/10 + 368/20?
17
Let d = -13 + 94. Calculate the remainder when d is divided by 21.
18
Let u(r) = -r + 5. Let s be 1/(-4) - (-34)/8. Suppose -2*n - 4*w - 1 + 9 = 0, -2*n - 2*w = -6. Calculate the remainder when n is divided by u(s).
0
Calculate the remainder when 217 is divided by (16/(-3) - -5) + (-266)/(-6).
41
Suppose -3*w + 3 = -2*w. Calculate the remainder when 3*(-1)/((-4)/(6 - 2)) is divided by w.
0
Let y = -11 + 6. Let w = y + 7. What is the remainder when 7 is divided by w?
1
Let l = 23 - 11. Let z(m) = -l*m - 3*m**2 + 2*m**2 + 6*m. Calculate the remainder when 25 is divided by z(-3).
7
Let w be (-15)/(-6) - (-3)/6. Suppose 2*p - x - 19 = 0, 2*x + 3 = -7. Let z = p + w. What is the remainder when 18 is divided by z?
8
Suppose 0 = -2*b + 5*j + 27, -31 + 11 = 4*j. Let r be 20 + b + 2 + -3. Suppose 2*t = -z - t + 5, -t + r = 4*z. What is the remainder when 14 is divided by z?
4
Let p(h) = 2*h**2 + 3*h + 6. What is the remainder when p(-5) is divided by 22?
19
Suppose -4*v + 35 = -53. Suppose 4*n - 2*m = -56, -2*m - v = 5*n + 30. What is the remainder when ((-4)/(-3))/((-4)/n) is divided by 2?
0
What is the remainder when 21/63 - (-130)/6 is divided by 9?
4
Let w(y) = -y**3 - 6*y**2 + y + 7. Suppose l + 4 = -m, 3*l = -4*m - m - 8. Let z be w(l). Calculate the remainder when 14 is divided by (-1 + 2)/(z/5).
4
Let r = -19 - -31. Let u be 2/2 + (91 - 1). Suppose w + 3*w = i - 27, 4*i - u = -w. Calculate the remainder when i is divided by r.
11
Let h(t) = 3*t + 1. Let q be h(11). Suppose -2*a + 582 = a. Suppose -q = 4*y - a. What is the remainder when y is divided by 14?
12
Suppose -w = -3*w + 24. Let l(s) = 2*s**2 + 5*s + 6. Let h be l(-4). Calculate the remainder when h/24 + 129/4 is divided by w.
9
Let i(a) = -a + 2. Let y be i(-4). Let c = -2 + 5. Let z = y - c. What is the remainder when 5 is divided by z?
2
Let q = -6 - -9. Suppose -q*m + 156 = -36. Calculate the remainder when m is divided by 22.
20
Suppose 2*u + 2*u - 16 = 0. Suppose 0*n = -u*n + 248. Suppose 4*a = n + 14. Calculate the remainder when a is divided by 7.
5
Suppose -36 = -7*t + 4*t. What is the remainder when 35 is divided by t?
11
Let g(s) = -s**2 + 4*s + 3. Let n be g(3). Let p be -3*1/n*16. Calculate the remainder when 50 is divided by (34/p)/(1/(-4)).
16
Calculate the remainder when 3/9*(2 - -1)*59 is divided by 16.
11
Let p(s) be the first derivative of s**3/3 + 3*s**2 - 6*s - 9. Calculate the remainder when 28 is divided by p(-8).
8
Let o(f) = 5*f - 2. Suppose -5*v + 654 = v. Calculate the remainder when v is divided by o(6).
25
Calculate the remainder when -3*10/12*872/(-20) is divided by 22.
21
Let j = -5 - -25. Calculate the remainder when 52 is divided by j.
12
Suppose -3*n - 4*r + 244 = -0*n, 5*n - 465 = 5*r. What is the remainder when n is divided by 13?
10
Let z be 84/8 - 2/4. Let s = 0 + z. Suppose 58 + 0 = 2*c. What is the remainder when c is divided by s?
9
Let i = -6 - 5. Let z = i - -24. Calculate the remainder when 49 is divided by z.
10
Suppose 8*x - 25 = 111. Calculate the remainder when 59 is divided by x.
8
Let b(p) = 2*p**2 - 4*p - 4 + 4. What is the re